6/180 + p**5/24 + p**4/6 - 5*p**3/3 - 7*p. Let s(w) be the second derivative of g(w). What is the units digit of s(5)?
9
What is the units digit of 231860*(-12 - 549/(-45))?
2
Suppose 5*x + 3*g = -0*x + 25, -3*g = -5*x + 25. Suppose -2*j + x*j = -5*u + 68, 5*j - u = 132. What is the tens digit of j?
2
Let l(t) = -t**2 - 15*t - 11. Let i be l(-9). Let y = i + -45. What is the tens digit of -1 + 0 + 2 - (y - 44)?
4
Let w = -61 - 48. Let p be (-3)/(-12) + (1 - (-2692)/(-16)). Let s = w - p. What is the tens digit of s?
5
Let u = 99165 + -45480. What is the tens digit of u?
8
Let z(v) = -v**2 + 29*v + 70. Let h be z(31). Let t be (-99)/45 + 2/10. What is the hundreds digit of t/h + (-405)/(-4)?
1
Let d be (-2 - (-15)/3) + 577. Suppose 15 = -3*p, p - d = -5*q + 3*p. Let x = q - 38. What is the tens digit of x?
7
Let p = 93 - 38. Suppose -p = -8*b + 3*b. Suppose b = 3*g - 19. What is the tens digit of g?
1
Suppose 2*w = -3*g - 44, -4*g = -5*w + 105 - 8. What is the tens digit of (-4)/(-18) + (-13388)/g?
4
Let q = 17357 - 10953. What is the hundreds digit of q?
4
Suppose 18*o = o. Suppose -3*f - g + 2327 = 0, o = -3*f + 4*g + 1614 + 733. What is the hundreds digit of f?
7
Let b = -3423 - -5642. What is the thousands digit of b?
2
Suppose -14848 = 2*h - 10*h. Suppose -877 = -b + 3*w, 2*b = -2*w - 94 + h. What is the units digit of b?
0
Let c = -43 - -48. What is the hundreds digit of (3 + -1738)/(-5) - c?
3
Let v be ((-6936)/16)/((-6)/(-16)). Let p = -388 - v. What is the hundreds digit of p?
7
Let a(c) = 4*c**3 - 4*c**2 - 2*c + 3. Let l be a(2). Suppose -d = h - 6173, 3*h - 10*d + l*d - 18529 = 0. What is the units digit of 2/(-15) + h/360?
7
Let o(p) = p**3 - 5*p**2 - 5*p + 11. Let j be 804/156 + 4/(-26). Let l be o(j). Let u(f) = 4*f**2 + 39*f + 9. What is the hundreds digit of u(l)?
2
Let x be (60*-2)/((-3 - -3) + -1). Suppose 5*u - 4*h + x = 0, u + 5*h = h. What is the tens digit of (364/16)/((-5)/u)?
9
Suppose 25*l + 47838 = -3*l + 42*l. What is the thousands digit of l?
3
Let z = 133 - 39. Let s = -37 + z. What is the units digit of s - 4/(-12)*0?
7
Let d(r) = -1041*r - 100. What is the units digit of d(-11)?
1
Let k be (-42)/112 - (-1 + 1387/(-8)). Suppose 3046 = 8*h + k. What is the units digit of h?
9
Let u be (-1)/(-1) + (0 - 6). Let i be u*1/(-5)*-15. Let p = 1 - i. What is the tens digit of p?
1
Suppose 34*j + 11*j - 4811340 = -167*j. What is the tens digit of j?
9
Let b = -7537 + 12724. What is the hundreds digit of (84/(-102))/7 + b/17?
3
Suppose s + w = -100, -s - 5*w + 124 = -2*s. Let q = s + 113. Suppose n - q*n = -1984. What is the hundreds digit of n?
2
Let v be (-2)/1 + (4 - 4). What is the tens digit of v/(16/11576*-1)?
4
Let z = -11 - 0. Let s = z - -6. What is the tens digit of 1 + s/10*-20?
1
Let o(c) = -8*c - 8. Let l be o(-1). Suppose l = -3*r + 2*i + 137, -5*i = -3*r + r + 84. Let f = r + 21. What is the tens digit of f?
6
Let p(y) = -330*y + 28. Let u be ((-16)/12)/(28/42). What is the hundreds digit of p(u)?
6
Let k(g) be the second derivative of 11*g**4/8 - 19*g**3/6 - 5*g**2/2 + 43*g. Let q(j) be the first derivative of k(j). What is the units digit of q(2)?
7
Suppose -5*p = -9*p + 4, 4*p = 4*y + 284. Let d be 2 - (y - (-12)/4). Suppose 259 - d = 5*k. What is the units digit of k?
8
Let h(g) = 4*g. Let r be h(-1). Let z be (6/r)/(1/((-12)/(-9))). What is the tens digit of 6 + z + 110 - 1?
1
Let l(w) = 165*w**2 - 42*w - 145. What is the tens digit of l(-12)?
1
Suppose 1278 = 3*i + 3*q, q = -4*i + 2*q + 1704. Suppose -u = 3*m + 165, 162 = 2*u - 3*u - 4*m. Let y = i + u. What is the hundreds digit of y?
2
Suppose 6*g = -14*g - 6620. Let p = g - -1068. What is the tens digit of p?
3
Let r = -1907 - -7873. What is the units digit of r?
6
Let s be 3*(2800/(-12))/10. Let z = 4 - s. What is the tens digit of z?
7
Let h(t) = 40*t**2 + 29*t - 1168. What is the ten thousands digit of h(20)?
1
Let b = -3349 + 7913. What is the thousands digit of b?
4
Suppose 4544 = g + u, 4*g - 5826 - 12347 = -u. What is the units digit of g?
3
Let j = -23349 + 34009. What is the thousands digit of j?
0
Suppose 89452 = 2965*i - 2921*i - 2126168. What is the ten thousands digit of i?
5
Let w(o) = o**2 + 2*o - 11. Let k(d) = d**2 + d - 2. Let x be (-120)/(-66) - (-6)/33. Let i be k(x). What is the units digit of w(i)?
3
Suppose -73*g - 12296 = -20*g. Let q(n) = 15*n**2 - 4*n + 5. Let l be q(-5). Let c = g + l. What is the tens digit of c?
6
Let i(n) = -5292*n + 68. What is the thousands digit of i(-3)?
5
Suppose -4*p - 3*n + 2*n = -1113, -p = 4*n - 282. Suppose -z - p = z. Let t = z - -289. What is the tens digit of t?
5
Let j = -8 + 11. Let y(h) = 6 + 8*h**2 + 8 - 13. What is the tens digit of y(j)?
7
Suppose -3*q + 9 = -m, -3*m + 6*m = -q + 23. Suppose -61*h + 10 = -59*h. Suppose -m*r + p + 591 = -r, 3*r = -h*p + 349. What is the tens digit of r?
1
Suppose 0 = -7*h + h - 12. Let b be 13 + -1 + h + 6. Suppose 331 = 5*u + 4*n, -u + 3*n + 67 = b. What is the units digit of u?
3
Let w(u) = -12*u**3 + 16*u**2 - 16*u - 226. What is the thousands digit of w(-14)?
6
Suppose -j - d = -3760, 5*d + 15040 = -3*j + 7*j. What is the thousands digit of j?
3
Let w(r) = 28*r**3 + 8*r**2 - 10*r + 7. Let g be w(3). Suppose 2023 = 4*k - g. What is the tens digit of k?
0
Let q(f) = 9*f**2 + 115*f + 72. What is the hundreds digit of q(-64)?
5
Suppose -1628*a + 558025 = -1611*a. What is the units digit of a?
5
Let m(i) = -i**3 + 19*i**2 + 39*i + 63. Let j be m(21). Suppose 2*v + 2*z = 3187 - 521, 3*v + z - 4009 = j. What is the thousands digit of v?
1
Let h be (-4)/(-4*(4 - 14/4)). Suppose -2*q + 2552 = 2*a, 0 = -2*q + 2*a - a + 2546. Suppose -h*d = 5*d - q. What is the hundreds digit of d?
1
Suppose 357 + 215 = 2*m + 2*w, -5*m + 3*w = -1430. Suppose 435 = 3*q - 26*p + 22*p, -2*q + 4*p + m = 0. What is the hundreds digit of q?
1
What is the hundreds digit of 6/123 + 27035514/2706?
9
Let h(y) = -y + 2. Let c be ((-30)/(-4) - 0)*-2. Let t = -19 - c. What is the units digit of h(t)?
6
Let b be 35/10*(-5)/(70/(-44)). Suppose -3*l - b = 2*x - 282, -2*x + 264 = -4*l. What is the tens digit of x?
3
Suppose 26934 = 164*u - 161*u. Suppose u + 1648 = 11*s. What is the hundreds digit of s?
9
Suppose 391714 - 35972 = 34*s. What is the tens digit of s?
6
Let w = -481 - -477. What is the units digit of w/26 + 191334/169?
2
Let l = -2261 + 8227. What is the hundreds digit of l?
9
Let l = -21 - -23. Suppose 176 = -3*j - p, -l*p = 5*j - 7*p + 320. What is the units digit of -3 - (3 - 6) - (j - 1)?
1
Suppose 0 = -2*g + i + 46, 3*g + 13*i - 75 = 16*i. Suppose -3088 = -g*q + 5*q. What is the units digit of q?
3
Let q(u) = 98*u - 227. Let i(v) = -51*v + 114. Let f(w) = -5*i(w) - 3*q(w). What is the units digit of f(-6)?
5
Let l(s) = -s**3 - 127*s**2 + 332*s + 691. What is the tens digit of l(-132)?
8
Suppose -4*q + 16 = 0, -15 = 4*p + q - 55. Suppose -p*x - 385 + 4066 = 0. What is the tens digit of x?
0
Let x(k) = 36199*k**2 + 1402*k - 1402. What is the thousands digit of x(1)?
6
Let c(y) = -9*y - 80. Let t be c(28). Let n = t - -554. What is the units digit of n?
2
Suppose 44*z = 16*z + 10668. What is the units digit of z?
1
Let d = 87867 + -49277. What is the hundreds digit of d?
5
Let k(u) = -35*u - 32. Let y be 3 - 22/8 - (-330)/(-40). What is the tens digit of k(y)?
4
Suppose -29*c + 1842671 = 684962. What is the thousands digit of c?
9
What is the units digit of (-26)/208*2 + 1 + (-28793)/(-4)?
9
Let x be (3/(-5))/((-9)/15). What is the tens digit of (-36 + 35)/(2*x/(-236))?
1
Let p(w) = 28*w**2 - 63*w + 3. Let a = -381 + 387. What is the hundreds digit of p(a)?
6
Let d be -5 - (2 + 2 - -9701*1). What is the hundreds digit of 20/8*d/(-25)?
9
Let k(a) = -a**3 - 4*a**2 + 3*a + 11. Let i be k(-5). Suppose 990 = i*m - 15*m. What is the tens digit of m?
6
Let p = -542 + 545. Suppose v - 722 = -2*j, 0 = 2*v - 0*v + p*j - 1443. What is the units digit of v?
0
Let b = -705 - -2359. What is the units digit of b?
4
Suppose 43488*t - 538720 = 43478*t. What is the hundreds digit of t?
8
Let l be (1 - 5)/((-2)/28). Let o be 9 + -10 + -1 + -27 + 2. Let w = l + o. What is the units digit of w?
9
Suppose 0 = 4*n + v - 4683 - 4932, 5*n + v - 12020 = 0. What is the thousands digit of n?
2
Let h(x) 